t of g?
7
Let z(h) = h**2 - 6*h - 8. What is the hundreds digit of z(15)?
1
What is the tens digit of (-11)/(-66) + (-3092)/(-24)?
2
Let a(b) = -35*b + 13. Let y(t) = -71*t + 26. Let f(q) = -5*a(q) + 2*y(q). What is the tens digit of f(4)?
1
Let l = -18 + 13. Let v(y) = -7*y + 48. Let u be v(6). Let t = u + l. What is the units digit of t?
1
Let q be (1 - 0)/(6/18). Suppose -2*x = q*x + 45. What is the units digit of 3/(x/3)*-14?
4
Let g(r) = -9*r**3 + 19*r**2 - 14*r + 7. Let d(p) = -4*p**3 + 9*p**2 - 7*p + 4. Let t(j) = -7*d(j) + 3*g(j). What is the units digit of t(6)?
5
Let b(c) = c**3 + 26*c**2 + 32*c - 97. What is the units digit of b(-16)?
1
Let g be (27/(-6) + 4)*0. Let d = g - -88. What is the tens digit of d?
8
Let u = 6 - 4. Suppose -300 = -7*z + u*z. What is the units digit of (2/5)/(3/z)?
8
What is the units digit of 4 + 547 - -5 - (2 - 4)?
8
Suppose o - 47 = 151. What is the units digit of (12/2)/(12/(-8)) + o?
4
Suppose 2*r - 3300 = 3*p, 0 = r - 4*p - 384 - 1261. What is the thousands digit of r?
1
Suppose 0 = h - 9*h + 48. Suppose h*j - 335 = 133. What is the units digit of j?
8
Let r = 17 + -14. Let w be r/((15/(-2))/(-5)). Suppose o + w*o - 75 = 0. What is the tens digit of o?
2
Let y = 1483 + -956. What is the tens digit of y?
2
Let h(j) = 48*j + 19 + 45*j - 92*j. What is the tens digit of h(6)?
2
Let o = -45 + 51. Suppose 32 = 4*w - 88. Suppose -o*z = -z - w. What is the units digit of z?
6
Let h be ((-1)/3)/(4/(-804)). Let f = h - 28. What is the units digit of f?
9
Let g(z) = -5*z**3 - 4*z**2 - 8*z + 15. What is the thousands digit of g(-8)?
2
Let o be 4/(-10) + 10885/25 + 3. Let l = -234 + o. What is the tens digit of l?
0
Let x be ((-231)/(-70))/((-2)/(-10))*2. Let a = 99 + x. What is the units digit of a?
2
What is the hundreds digit of -1 + 941 - (-4 - (-9 - 0))?
9
Suppose 15*n - 3285 = 2565. What is the units digit of n?
0
Let q = 1178 + -708. What is the hundreds digit of q?
4
Let v(u) = 39*u + 10. Let y be v(4). Let m = y + -52. What is the units digit of m?
4
Suppose -79*y + 44*y = -8820. What is the hundreds digit of y?
2
Let r be 4/((-1)/(3/(-6))). Suppose -l = r*l - 12. Suppose -3*g - 2*d + 19 = -35, 0 = -l*g + 3*d + 72. What is the tens digit of g?
1
Let v(f) = -f**2 + 4*f + 5. Let q be v(-17). Let w = -171 - q. What is the hundreds digit of w?
1
Suppose -7 - 2 = -3*y. Suppose -5*o - 39 + 227 = y*s, 0 = 3*s + 3*o - 186. What is the tens digit of s?
6
Let j = -9 - -9. Let d be -135 - ((-1)/1 + j). What is the units digit of (-21)/(-35) - d/10?
4
Suppose 2*a = -6*y + 2*y + 7324, -y + 1822 = 5*a. What is the thousands digit of y?
1
What is the units digit of (-26166)/(-77) + (-2)/(-11)?
0
Let z(o) = o**2 - 4*o - 281. What is the units digit of z(-35)?
4
Suppose 0 = 3*w - 2 + 8. Let t be -4 - ((0 - w) + 0). Let u(x) = -9*x + 7. What is the tens digit of u(t)?
6
Suppose 0 = 3*c - 5*x - 132, -4*x - 47 - 43 = -2*c. Let m = c + -33. Suppose m*w = -2*w + 112. What is the units digit of w?
4
Suppose 5*i + 1 - 16 = 0. Suppose 5*w - 33 = -3*r, w - 5*r = i*w - 17. Suppose 3*n + 51 = w*n. What is the tens digit of n?
1
Let d(g) = g**3 - 2*g**2 + 2*g - 1. Let x = 24 + -22. Let r be d(x). Suppose 5 = -r*q + 4*q. What is the units digit of q?
5
What is the tens digit of 969 + (8 - 7)*4?
7
Suppose 5*i - n = 1040, -18*n = 4*i - 13*n - 832. What is the tens digit of i?
0
Let m = 175 + -101. Suppose w - m = -w. What is the units digit of w?
7
Suppose 5*v - 50 = -3*o, 0 = -2*v - 2*v - 3*o + 40. What is the tens digit of ((-5)/v)/(3/(-1566))?
6
Suppose -4*q = -3*u + 109 + 404, -u = -2*q - 255. Let g = 197 + q. What is the tens digit of g?
7
Let o(q) = -6*q - 21. Let r(f) = 13*f + 42. Let v(t) = -5*o(t) - 2*r(t). What is the units digit of v(-5)?
1
Let y = 9807 - 3421. What is the tens digit of y?
8
Let i be 484/10 + (-10)/25. Let l = i - 93. Let s = -26 - l. What is the units digit of s?
9
Let u = 2972 + -2050. What is the units digit of u?
2
Let y = 31 - 84. Let a = 78 + y. What is the units digit of a?
5
Suppose -53*h + 48*h + 975 = 0. Suppose -199*s + 640 = -h*s. What is the units digit of s?
0
Let s(w) = -7*w - 44. Suppose -5*u + 39 = -z, -6*z + 4*u = -z + 90. What is the tens digit of s(z)?
5
Let w = -15 - -19. Let l(k) = 4 + 9*k**2 + k**3 - w*k**2 - 4 + k + 7. What is the units digit of l(-5)?
2
Let b = -1519 + 2856. What is the tens digit of b?
3
Suppose -5*j - 5*o = -0*o - 140, 3*j - 76 = o. Let x = 451 - 233. Suppose -x = -3*z - j. What is the tens digit of z?
6
Let j(w) = -3*w + 20. Suppose -4*s + 7 + 9 = -4*d, -22 = -5*s + 4*d. Let o be j(s). Suppose 6*y = o*y + 68. What is the tens digit of y?
1
Let v(p) = p**2 - 11*p - 14. Let c be v(11). Let g(y) = -y**3 - 14*y**2 - 9*y - 13. What is the units digit of g(c)?
3
Suppose -2 - 34 = 3*x. Let y be x/66 - (-2)/11. Let n = y - -24. What is the tens digit of n?
2
Suppose 10*q - 18*q = -6472. What is the hundreds digit of q?
8
Suppose 0 = -d + 3, -5*d + 5 + 21 = m. Let r(y) = m*y + 1 - 1 + 3 - y. What is the tens digit of r(3)?
3
Suppose 4*m = 3056 + 208. Suppose m = 26*p - 18*p. What is the tens digit of p?
0
What is the hundreds digit of 2/8 - 4/((-80)/12035)?
6
Let j = 4407 - 2175. What is the tens digit of j?
3
Let l(v) be the third derivative of -7*v**6/120 - v**4/8 - v**3/3 - 28*v**2 - 2*v. What is the tens digit of l(-3)?
9
Suppose 5*b = 0, 10*i + 2*b = 5*i + 15. Suppose -4*s - 2*n - 2*n - 48 = 0, -2*s + i*n - 14 = 0. What is the units digit of 36/15*s/(-2)?
2
Let n = -1581 + 2289. What is the tens digit of n?
0
Let k(j) = j**2 - 31*j - 4. Let x be k(31). Let t(g) = 11*g**2 + 7*g - 5. What is the tens digit of t(x)?
4
Let y = 6 - -2. Let r be (106/(-8))/((-2)/y). Suppose 4*s - 3*c - r = 0, 3*s - 2*c - 46 = -c. What is the units digit of s?
7
Let j(h) = h**3 - 9*h**2 - 10*h + 3. Let p = 24 - 14. Let k be j(p). Suppose f = 5, -94 = -0*b - k*b + f. What is the tens digit of b?
3
Let l(s) be the second derivative of -s**8/336 - s**6/720 - s**5/60 + s**4/12 - 2*s. Let d(o) be the third derivative of l(o). What is the units digit of d(-1)?
9
Let i = 38 + -40. Let j be ((-2)/1)/(i/(-30)). What is the units digit of (-1046)/j - 6/(-45)?
5
Let u(o) = 56*o + 47. What is the thousands digit of u(27)?
1
Suppose 5*m - m = 4*v - 568, -6*v = -4*m - 844. What is the units digit of v?
8
Let l = 9659 + -6085. What is the units digit of l?
4
Let i be -5 - -249*3/(-9). What is the tens digit of 326/8 - 22/i?
4
What is the units digit of 108/(-8)*(1 - 41)?
0
Let t = -16 + 22. Let b be -6*(10/t + -1). Let q(m) = -5*m + 3. What is the tens digit of q(b)?
2
Let y = -48 - -57. What is the units digit of (39/y)/1*(-1 - -4)?
3
Let l(m) = m**2 - 20*m + 7. What is the hundreds digit of l(-10)?
3
Suppose -2*k = w + 2 - 0, -w + 3*k + 3 = 0. Let v(l) = 1 - 42*l**3 + w*l + 41*l**3 + 2*l. What is the units digit of v(-4)?
7
Let g be 2/(-10)*0*2/(-4). Suppose -m + 171 = 3*y - g*y, -5*y + 3*m + 271 = 0. What is the units digit of y?
6
Suppose 9676 = -236*p + 240*p. What is the hundreds digit of p?
4
Let l be ((-28)/(-1))/((-21)/12 - -2). Suppose -v = -l - 126. What is the tens digit of v?
3
Let r(p) = -2*p - 10. Let x(q) = 3*q + 19. Let w(a) = -5*r(a) - 3*x(a). Let v be w(3). Let b = 24 - v. What is the units digit of b?
8
Let y be (3/(-6))/((-3)/12). Suppose y*t = 5*w - t - 73, 0 = 4*w - 2*t - 60. What is the units digit of w?
7
Suppose 5*t + 18 + 1 = -f, 3*f = -4*t - 24. Let g(z) = 2*z**3 + z**2 - 2*z + 1. Let a be g(t). Let m = a + 53. What is the units digit of m?
5
Suppose 2*l = -t + 30, -21 = 5*t + 3*l - 171. Suppose 0 = 3*j - 0 - t. What is the tens digit of j?
1
Suppose 108 = 4*w + 4*s, -3*w - s = -71 - 16. Let t = w + -4. Suppose 0 = 2*k - 3*k + t. What is the units digit of k?
6
Let t(x) = 6*x**3 + x**2 - 9*x + 5. What is the thousands digit of t(6)?
1
Suppose -t + 92 = -148. Suppose o = 3*h - 176, 3*o - t = -5*h + 44. What is the units digit of h?
8
Let c = -13 - -4. Let p(v) = v**3 + 11*v**2 + 10*v + 9. Let n be p(c). Suppose 109 = 5*f - n. What is the tens digit of f?
3
Let p(f) = f**3 - 4*f**2 - 37*f + 27. What is the hundreds digit of p(15)?
9
Let g(i) = i**2 - 12*i + 5. Let h be g(9). What is the units digit of (-14)/(-77) - 348/h?
6
Let a(w) = 17*w - 44. Let v be -4*(5/(-2) + 1). What i